{"id":677,"date":"2022-10-11T14:36:54","date_gmt":"2022-10-11T12:36:54","guid":{"rendered":"https:\/\/laudren-electronique.fr\/?post_type=job&#038;p=677"},"modified":"2024-06-20T22:31:36","modified_gmt":"2024-06-20T20:31:36","slug":"technicien-de-tests-integration-et-sav","status":"publish","type":"job","link":"https:\/\/laudren-electronique.fr\/en\/recrutement\/technicien-de-tests-integration-et-sav\/","title":{"rendered":"Responsable Tests atelier Int\u00e9gration"},"content":{"rendered":"\n<p><\/p>\n\n\n\n<p>Nous recherchons notre\u00a0<strong>Technicien de tests int\u00e9gration<\/strong>(H\/F).<\/p>\n\n\n\n<p>Vos missions pour l&#8217;activit\u00e9 Tests <strong>Int\u00e9gration :<\/strong>&nbsp;<\/p>\n\n\n\n<p>Charg\u00e9(e) de l\u2019accompagnement sur la mise en place de tests fonctionnels Clients, vous formez l\u2019\u00e9quipe tests et en \u00eates le r\u00e9f\u00e9rent technique : tests fonctionnels, HF, filaires, di\u00e9lectriques isolement &#8230;<\/p>\n\n\n\n<ul class=\"wp-block-list\">\n<li>Interaction avec le service ordonnancement et production, <\/li>\n\n\n\n<li>Gestion des al\u00e9as techniques et \u00e9valuation du niveau de criticit\u00e9 pour actions<\/li>\n\n\n\n<li>Analyse des indicateurs &#8220;performance test&#8221; en lien avec le service qualit\u00e9. <\/li>\n\n\n\n<li>Suivi et gestion du parc de bancs de tests Clients<\/li>\n<\/ul>\n\n\n\n<p><\/p>\n\n\n\n<p><\/p>\n\n\n\n<p><\/p>\n\n\n\n<p><strong>Formation \/ profil recherch\u00e9 :<\/strong><\/p>\n\n\n\n<p>Issu(e) d\u2019un BAC+2 en \u00e9lectronique, vous avez une 1\u00e8re exp\u00e9rience dans le milieu de la sous-traitance, \u00e9lectronique de pr\u00e9f\u00e9rence.<\/p>\n\n\n\n<p>Des comp\u00e9tences en management d\u2019\u00e9quipe seront appr\u00e9ci\u00e9es.<\/p>\n\n\n\n<p>Organisation \/ Rigueur \/ Autonomie \/ Leadership \/ P\u00e9dagogie \/ Capacit\u00e9 d&#8217;analyse et exploitation des donn\u00e9es<\/p>\n","protected":false},"excerpt":{"rendered":"<p>Nous recherchons notre\u00a0Technicien de tests int\u00e9gration(H\/F). Vos missions pour l&#8217;activit\u00e9 Tests Int\u00e9gration :&nbsp; Charg\u00e9(e) de l\u2019accompagnement sur la mise en place de tests fonctionnels Clients, vous formez l\u2019\u00e9quipe tests et en \u00eates le r\u00e9f\u00e9rent technique : tests fonctionnels, HF, filaires, di\u00e9lectriques isolement &#8230; Formation \/ profil recherch\u00e9 : Issu(e) d\u2019un BAC+2 en \u00e9lectronique, vous avez [&hellip;]<\/p>\n","protected":false},"featured_media":761,"parent":0,"menu_order":0,"template":"","class_list":["post-677","job","type-job","status-publish","has-post-thumbnail","hentry"],"acf":[],"yoast_head":"<!-- This site is optimized with the Yoast SEO plugin v27.5 - https:\/\/yoast.com\/product\/yoast-seo-wordpress\/ -->\n<title>Responsable Tests atelier Int\u00e9gration - Laudren Electronique<\/title>\n<meta name=\"robots\" content=\"index, follow, max-snippet:-1, max-image-preview:large, max-video-preview:-1\" \/>\n<link rel=\"canonical\" href=\"https:\/\/laudren-electronique.fr\/en\/recrutement\/technicien-de-tests-integration-et-sav\/\" \/>\n<meta property=\"og:locale\" content=\"en_US\" \/>\n<meta property=\"og:type\" content=\"article\" \/>\n<meta property=\"og:title\" content=\"Responsable Tests atelier Int\u00e9gration - Laudren Electronique\" \/>\n<meta property=\"og:description\" content=\"Nous recherchons notre\u00a0Technicien de tests int\u00e9gration(H\/F). Vos missions pour l&#8217;activit\u00e9 Tests Int\u00e9gration :&nbsp; Charg\u00e9(e) de l\u2019accompagnement sur la mise en place de tests fonctionnels Clients, vous formez l\u2019\u00e9quipe tests et en \u00eates le r\u00e9f\u00e9rent technique : tests fonctionnels, HF, filaires, di\u00e9lectriques isolement &#8230; Formation \/ profil recherch\u00e9 : Issu(e) d\u2019un BAC+2 en \u00e9lectronique, vous avez [&hellip;]\" \/>\n<meta property=\"og:url\" content=\"https:\/\/laudren-electronique.fr\/en\/recrutement\/technicien-de-tests-integration-et-sav\/\" \/>\n<meta property=\"og:site_name\" content=\"Laudren Electronique\" \/>\n<meta property=\"article:modified_time\" content=\"2024-06-20T20:31:36+00:00\" \/>\n<meta property=\"og:image\" content=\"https:\/\/laudren-electronique.fr\/wp-content\/uploads\/2022\/10\/jeshoots-com-sMKUYIasyDM-unsplash-scaled.jpg\" \/>\n\t<meta property=\"og:image:width\" content=\"2560\" \/>\n\t<meta property=\"og:image:height\" content=\"1707\" \/>\n\t<meta property=\"og:image:type\" content=\"image\/jpeg\" \/>\n<meta name=\"twitter:card\" content=\"summary_large_image\" \/>\n<meta name=\"twitter:label1\" content=\"Est. reading time\" \/>\n\t<meta name=\"twitter:data1\" content=\"1 minute\" \/>\n<script type=\"application\/ld+json\" class=\"yoast-schema-graph\">{\"@context\":\"https:\\\/\\\/schema.org\",\"@graph\":[{\"@type\":\"WebPage\",\"@id\":\"https:\\\/\\\/laudren-electronique.fr\\\/en\\\/recrutement\\\/technicien-de-tests-integration-et-sav\\\/\",\"url\":\"https:\\\/\\\/laudren-electronique.fr\\\/en\\\/recrutement\\\/technicien-de-tests-integration-et-sav\\\/\",\"name\":\"Responsable Tests atelier Int\u00e9gration - Laudren Electronique\",\"isPartOf\":{\"@id\":\"https:\\\/\\\/laudren-electronique.fr\\\/en\\\/#website\"},\"primaryImageOfPage\":{\"@id\":\"https:\\\/\\\/laudren-electronique.fr\\\/en\\\/recrutement\\\/technicien-de-tests-integration-et-sav\\\/#primaryimage\"},\"image\":{\"@id\":\"https:\\\/\\\/laudren-electronique.fr\\\/en\\\/recrutement\\\/technicien-de-tests-integration-et-sav\\\/#primaryimage\"},\"thumbnailUrl\":\"https:\\\/\\\/laudren-electronique.fr\\\/wp-content\\\/uploads\\\/2022\\\/10\\\/jeshoots-com-sMKUYIasyDM-unsplash-scaled.jpg\",\"datePublished\":\"2022-10-11T12:36:54+00:00\",\"dateModified\":\"2024-06-20T20:31:36+00:00\",\"breadcrumb\":{\"@id\":\"https:\\\/\\\/laudren-electronique.fr\\\/en\\\/recrutement\\\/technicien-de-tests-integration-et-sav\\\/#breadcrumb\"},\"inLanguage\":\"en-US\",\"potentialAction\":[{\"@type\":\"ReadAction\",\"target\":[\"https:\\\/\\\/laudren-electronique.fr\\\/en\\\/recrutement\\\/technicien-de-tests-integration-et-sav\\\/\"]}]},{\"@type\":\"ImageObject\",\"inLanguage\":\"en-US\",\"@id\":\"https:\\\/\\\/laudren-electronique.fr\\\/en\\\/recrutement\\\/technicien-de-tests-integration-et-sav\\\/#primaryimage\",\"url\":\"https:\\\/\\\/laudren-electronique.fr\\\/wp-content\\\/uploads\\\/2022\\\/10\\\/jeshoots-com-sMKUYIasyDM-unsplash-scaled.jpg\",\"contentUrl\":\"https:\\\/\\\/laudren-electronique.fr\\\/wp-content\\\/uploads\\\/2022\\\/10\\\/jeshoots-com-sMKUYIasyDM-unsplash-scaled.jpg\",\"width\":2560,\"height\":1707},{\"@type\":\"BreadcrumbList\",\"@id\":\"https:\\\/\\\/laudren-electronique.fr\\\/en\\\/recrutement\\\/technicien-de-tests-integration-et-sav\\\/#breadcrumb\",\"itemListElement\":[{\"@type\":\"ListItem\",\"position\":1,\"name\":\"Accueil\",\"item\":\"https:\\\/\\\/laudren-electronique.fr\\\/en\\\/\"},{\"@type\":\"ListItem\",\"position\":2,\"name\":\"Offres d'emplois\",\"item\":\"https:\\\/\\\/laudren-electronique.fr\\\/en\\\/recrutement\\\/\"},{\"@type\":\"ListItem\",\"position\":3,\"name\":\"Responsable Tests atelier Int\u00e9gration\"}]},{\"@type\":\"WebSite\",\"@id\":\"https:\\\/\\\/laudren-electronique.fr\\\/en\\\/#website\",\"url\":\"https:\\\/\\\/laudren-electronique.fr\\\/en\\\/\",\"name\":\"Laudren Electronique\",\"description\":\"\",\"publisher\":{\"@id\":\"https:\\\/\\\/laudren-electronique.fr\\\/en\\\/#organization\"},\"potentialAction\":[{\"@type\":\"SearchAction\",\"target\":{\"@type\":\"EntryPoint\",\"urlTemplate\":\"https:\\\/\\\/laudren-electronique.fr\\\/en\\\/?s={search_term_string}\"},\"query-input\":{\"@type\":\"PropertyValueSpecification\",\"valueRequired\":true,\"valueName\":\"search_term_string\"}}],\"inLanguage\":\"en-US\"},{\"@type\":\"Organization\",\"@id\":\"https:\\\/\\\/laudren-electronique.fr\\\/en\\\/#organization\",\"name\":\"Laudren Electronique\",\"url\":\"https:\\\/\\\/laudren-electronique.fr\\\/en\\\/\",\"logo\":{\"@type\":\"ImageObject\",\"inLanguage\":\"en-US\",\"@id\":\"https:\\\/\\\/laudren-electronique.fr\\\/en\\\/#\\\/schema\\\/logo\\\/image\\\/\",\"url\":\"https:\\\/\\\/laudren-electronique.fr\\\/wp-content\\\/uploads\\\/2022\\\/09\\\/Logo-LAUDREN-SYNOV.png\",\"contentUrl\":\"https:\\\/\\\/laudren-electronique.fr\\\/wp-content\\\/uploads\\\/2022\\\/09\\\/Logo-LAUDREN-SYNOV.png\",\"width\":1650,\"height\":539,\"caption\":\"Laudren Electronique\"},\"image\":{\"@id\":\"https:\\\/\\\/laudren-electronique.fr\\\/en\\\/#\\\/schema\\\/logo\\\/image\\\/\"},\"sameAs\":[\"https:\\\/\\\/www.linkedin.com\\\/company\\\/laudrenelectronique\\\/\"]}]}<\/script>\n<!-- \/ Yoast SEO plugin. -->","yoast_head_json":{"title":"Responsable Tests atelier Int\u00e9gration - Laudren Electronique","robots":{"index":"index","follow":"follow","max-snippet":"max-snippet:-1","max-image-preview":"max-image-preview:large","max-video-preview":"max-video-preview:-1"},"canonical":"https:\/\/laudren-electronique.fr\/en\/recrutement\/technicien-de-tests-integration-et-sav\/","og_locale":"en_US","og_type":"article","og_title":"Responsable Tests atelier Int\u00e9gration - Laudren Electronique","og_description":"Nous recherchons notre\u00a0Technicien de tests int\u00e9gration(H\/F). Vos missions pour l&#8217;activit\u00e9 Tests Int\u00e9gration :&nbsp; Charg\u00e9(e) de l\u2019accompagnement sur la mise en place de tests fonctionnels Clients, vous formez l\u2019\u00e9quipe tests et en \u00eates le r\u00e9f\u00e9rent technique : tests fonctionnels, HF, filaires, di\u00e9lectriques isolement &#8230; Formation \/ profil recherch\u00e9 : Issu(e) d\u2019un BAC+2 en \u00e9lectronique, vous avez [&hellip;]","og_url":"https:\/\/laudren-electronique.fr\/en\/recrutement\/technicien-de-tests-integration-et-sav\/","og_site_name":"Laudren Electronique","article_modified_time":"2024-06-20T20:31:36+00:00","og_image":[{"width":2560,"height":1707,"url":"https:\/\/laudren-electronique.fr\/wp-content\/uploads\/2022\/10\/jeshoots-com-sMKUYIasyDM-unsplash-scaled.jpg","type":"image\/jpeg"}],"twitter_card":"summary_large_image","twitter_misc":{"Est. reading time":"1 minute"},"schema":{"@context":"https:\/\/schema.org","@graph":[{"@type":"WebPage","@id":"https:\/\/laudren-electronique.fr\/en\/recrutement\/technicien-de-tests-integration-et-sav\/","url":"https:\/\/laudren-electronique.fr\/en\/recrutement\/technicien-de-tests-integration-et-sav\/","name":"Responsable Tests atelier Int\u00e9gration - Laudren Electronique","isPartOf":{"@id":"https:\/\/laudren-electronique.fr\/en\/#website"},"primaryImageOfPage":{"@id":"https:\/\/laudren-electronique.fr\/en\/recrutement\/technicien-de-tests-integration-et-sav\/#primaryimage"},"image":{"@id":"https:\/\/laudren-electronique.fr\/en\/recrutement\/technicien-de-tests-integration-et-sav\/#primaryimage"},"thumbnailUrl":"https:\/\/laudren-electronique.fr\/wp-content\/uploads\/2022\/10\/jeshoots-com-sMKUYIasyDM-unsplash-scaled.jpg","datePublished":"2022-10-11T12:36:54+00:00","dateModified":"2024-06-20T20:31:36+00:00","breadcrumb":{"@id":"https:\/\/laudren-electronique.fr\/en\/recrutement\/technicien-de-tests-integration-et-sav\/#breadcrumb"},"inLanguage":"en-US","potentialAction":[{"@type":"ReadAction","target":["https:\/\/laudren-electronique.fr\/en\/recrutement\/technicien-de-tests-integration-et-sav\/"]}]},{"@type":"ImageObject","inLanguage":"en-US","@id":"https:\/\/laudren-electronique.fr\/en\/recrutement\/technicien-de-tests-integration-et-sav\/#primaryimage","url":"https:\/\/laudren-electronique.fr\/wp-content\/uploads\/2022\/10\/jeshoots-com-sMKUYIasyDM-unsplash-scaled.jpg","contentUrl":"https:\/\/laudren-electronique.fr\/wp-content\/uploads\/2022\/10\/jeshoots-com-sMKUYIasyDM-unsplash-scaled.jpg","width":2560,"height":1707},{"@type":"BreadcrumbList","@id":"https:\/\/laudren-electronique.fr\/en\/recrutement\/technicien-de-tests-integration-et-sav\/#breadcrumb","itemListElement":[{"@type":"ListItem","position":1,"name":"Accueil","item":"https:\/\/laudren-electronique.fr\/en\/"},{"@type":"ListItem","position":2,"name":"Offres d'emplois","item":"https:\/\/laudren-electronique.fr\/en\/recrutement\/"},{"@type":"ListItem","position":3,"name":"Responsable Tests atelier Int\u00e9gration"}]},{"@type":"WebSite","@id":"https:\/\/laudren-electronique.fr\/en\/#website","url":"https:\/\/laudren-electronique.fr\/en\/","name":"Laudren Electronique","description":"","publisher":{"@id":"https:\/\/laudren-electronique.fr\/en\/#organization"},"potentialAction":[{"@type":"SearchAction","target":{"@type":"EntryPoint","urlTemplate":"https:\/\/laudren-electronique.fr\/en\/?s={search_term_string}"},"query-input":{"@type":"PropertyValueSpecification","valueRequired":true,"valueName":"search_term_string"}}],"inLanguage":"en-US"},{"@type":"Organization","@id":"https:\/\/laudren-electronique.fr\/en\/#organization","name":"Laudren Electronique","url":"https:\/\/laudren-electronique.fr\/en\/","logo":{"@type":"ImageObject","inLanguage":"en-US","@id":"https:\/\/laudren-electronique.fr\/en\/#\/schema\/logo\/image\/","url":"https:\/\/laudren-electronique.fr\/wp-content\/uploads\/2022\/09\/Logo-LAUDREN-SYNOV.png","contentUrl":"https:\/\/laudren-electronique.fr\/wp-content\/uploads\/2022\/09\/Logo-LAUDREN-SYNOV.png","width":1650,"height":539,"caption":"Laudren Electronique"},"image":{"@id":"https:\/\/laudren-electronique.fr\/en\/#\/schema\/logo\/image\/"},"sameAs":["https:\/\/www.linkedin.com\/company\/laudrenelectronique\/"]}]}},"_links":{"self":[{"href":"https:\/\/laudren-electronique.fr\/en\/wp-json\/wp\/v2\/job\/677","targetHints":{"allow":["GET"]}}],"collection":[{"href":"https:\/\/laudren-electronique.fr\/en\/wp-json\/wp\/v2\/job"}],"about":[{"href":"https:\/\/laudren-electronique.fr\/en\/wp-json\/wp\/v2\/types\/job"}],"wp:featuredmedia":[{"embeddable":true,"href":"https:\/\/laudren-electronique.fr\/en\/wp-json\/wp\/v2\/media\/761"}],"wp:attachment":[{"href":"https:\/\/laudren-electronique.fr\/en\/wp-json\/wp\/v2\/media?parent=677"}],"curies":[{"name":"wp","href":"https:\/\/api.w.org\/{rel}","templated":true}]}}

Responsable Tests atelier Intégration

<p></p>



<p>Nous recherchons notre <strong>Technicien de tests intégration</strong>(H/F).</p>



<p>Vos missions pour l&#8217;activité Tests <strong>Intégration :</strong>&nbsp;</p>



<p>Chargé(e) de l’accompagnement sur la mise en place de tests fonctionnels Clients, vous formez l’équipe tests et en êtes le référent technique : tests fonctionnels, HF, filaires, diélectriques isolement &#8230;</p>



<ul class="wp-block-list">
<li>Interaction avec le service ordonnancement et production, </li>



<li>Gestion des aléas techniques et évaluation du niveau de criticité pour actions</li>



<li>Analyse des indicateurs &#8220;performance test&#8221; en lien avec le service qualité. </li>



<li>Suivi et gestion du parc de bancs de tests Clients</li>
</ul>



<p></p>



<p></p>



<p></p>



<p><strong>Formation / profil recherché :</strong></p>



<p>Issu(e) d’un BAC+2 en électronique, vous avez une 1ère expérience dans le milieu de la sous-traitance, électronique de préférence.</p>



<p>Des compétences en management d’équipe seront appréciées.</p>



<p>Organisation / Rigueur / Autonomie / Leadership / Pédagogie / Capacité d&#8217;analyse et exploitation des données</p>

<p>Nous recherchons notre Technicien de tests intégration(H/F). Vos missions pour l&#8217;activité Tests Intégration :&nbsp; Chargé(e) de l’accompagnement sur la mise en place de tests fonctionnels Clients, vous formez l’équipe tests et en êtes le référent technique : tests fonctionnels, HF, filaires, diélectriques isolement &#8230; Formation / profil recherché : Issu(e) d’un BAC+2 en électronique, vous avez [&hellip;]</p>

<!-- This site is optimized with the Yoast SEO plugin v27.5 - https://yoast.com/product/yoast-seo-wordpress/ -->
<title>Responsable Tests atelier Intégration - Laudren Electronique</title>
<meta name="robots" content="index, follow, max-snippet:-1, max-image-preview:large, max-video-preview:-1" />
<link rel="canonical" href="https://laudren-electronique.fr/en/recrutement/technicien-de-tests-integration-et-sav/" />
<meta property="og:locale" content="en_US" />
<meta property="og:type" content="article" />
<meta property="og:title" content="Responsable Tests atelier Intégration - Laudren Electronique" />
<meta property="og:description" content="Nous recherchons notre Technicien de tests intégration(H/F). Vos missions pour l&#8217;activité Tests Intégration :&nbsp; Chargé(e) de l’accompagnement sur la mise en place de tests fonctionnels Clients, vous formez l’équipe tests et en êtes le référent technique : tests fonctionnels, HF, filaires, diélectriques isolement &#8230; Formation / profil recherché : Issu(e) d’un BAC+2 en électronique, vous avez [&hellip;]" />
<meta property="og:url" content="https://laudren-electronique.fr/en/recrutement/technicien-de-tests-integration-et-sav/" />
<meta property="og:site_name" content="Laudren Electronique" />
<meta property="article:modified_time" content="2024-06-20T20:31:36+00:00" />
<meta property="og:image" content="https://laudren-electronique.fr/wp-content/uploads/2022/10/jeshoots-com-sMKUYIasyDM-unsplash-scaled.jpg" />
	<meta property="og:image:width" content="2560" />
	<meta property="og:image:height" content="1707" />
	<meta property="og:image:type" content="image/jpeg" />
<meta name="twitter:card" content="summary_large_image" />
<meta name="twitter:label1" content="Est. reading time" />
	<meta name="twitter:data1" content="1 minute" />
<script type="application/ld+json" class="yoast-schema-graph">{"@context":"https:\/\/schema.org","@graph":[{"@type":"WebPage","@id":"https:\/\/laudren-electronique.fr\/en\/recrutement\/technicien-de-tests-integration-et-sav\/","url":"https:\/\/laudren-electronique.fr\/en\/recrutement\/technicien-de-tests-integration-et-sav\/","name":"Responsable Tests atelier Intégration - Laudren Electronique","isPartOf":{"@id":"https:\/\/laudren-electronique.fr\/en\/#website"},"primaryImageOfPage":{"@id":"https:\/\/laudren-electronique.fr\/en\/recrutement\/technicien-de-tests-integration-et-sav\/#primaryimage"},"image":{"@id":"https:\/\/laudren-electronique.fr\/en\/recrutement\/technicien-de-tests-integration-et-sav\/#primaryimage"},"thumbnailUrl":"https:\/\/laudren-electronique.fr\/wp-content\/uploads\/2022\/10\/jeshoots-com-sMKUYIasyDM-unsplash-scaled.jpg","datePublished":"2022-10-11T12:36:54+00:00","dateModified":"2024-06-20T20:31:36+00:00","breadcrumb":{"@id":"https:\/\/laudren-electronique.fr\/en\/recrutement\/technicien-de-tests-integration-et-sav\/#breadcrumb"},"inLanguage":"en-US","potentialAction":[{"@type":"ReadAction","target":["https:\/\/laudren-electronique.fr\/en\/recrutement\/technicien-de-tests-integration-et-sav\/"]}]},{"@type":"ImageObject","inLanguage":"en-US","@id":"https:\/\/laudren-electronique.fr\/en\/recrutement\/technicien-de-tests-integration-et-sav\/#primaryimage","url":"https:\/\/laudren-electronique.fr\/wp-content\/uploads\/2022\/10\/jeshoots-com-sMKUYIasyDM-unsplash-scaled.jpg","contentUrl":"https:\/\/laudren-electronique.fr\/wp-content\/uploads\/2022\/10\/jeshoots-com-sMKUYIasyDM-unsplash-scaled.jpg","width":2560,"height":1707},{"@type":"BreadcrumbList","@id":"https:\/\/laudren-electronique.fr\/en\/recrutement\/technicien-de-tests-integration-et-sav\/#breadcrumb","itemListElement":[{"@type":"ListItem","position":1,"name":"Accueil","item":"https:\/\/laudren-electronique.fr\/en\/"},{"@type":"ListItem","position":2,"name":"Offres d'emplois","item":"https:\/\/laudren-electronique.fr\/en\/recrutement\/"},{"@type":"ListItem","position":3,"name":"Responsable Tests atelier Intégration"}]},{"@type":"WebSite","@id":"https:\/\/laudren-electronique.fr\/en\/#website","url":"https:\/\/laudren-electronique.fr\/en\/","name":"Laudren Electronique","description":"","publisher":{"@id":"https:\/\/laudren-electronique.fr\/en\/#organization"},"potentialAction":[{"@type":"SearchAction","target":{"@type":"EntryPoint","urlTemplate":"https:\/\/laudren-electronique.fr\/en\/?s={search_term_string}"},"query-input":{"@type":"PropertyValueSpecification","valueRequired":true,"valueName":"search_term_string"}}],"inLanguage":"en-US"},{"@type":"Organization","@id":"https:\/\/laudren-electronique.fr\/en\/#organization","name":"Laudren Electronique","url":"https:\/\/laudren-electronique.fr\/en\/","logo":{"@type":"ImageObject","inLanguage":"en-US","@id":"https:\/\/laudren-electronique.fr\/en\/#\/schema\/logo\/image\/","url":"https:\/\/laudren-electronique.fr\/wp-content\/uploads\/2022\/09\/Logo-LAUDREN-SYNOV.png","contentUrl":"https:\/\/laudren-electronique.fr\/wp-content\/uploads\/2022\/09\/Logo-LAUDREN-SYNOV.png","width":1650,"height":539,"caption":"Laudren Electronique"},"image":{"@id":"https:\/\/laudren-electronique.fr\/en\/#\/schema\/logo\/image\/"},"sameAs":["https:\/\/www.linkedin.com\/company\/laudrenelectronique\/"]}]}</script>
<!-- / Yoast SEO plugin. -->

Responsable Tests atelier Intégration - Laudren Electronique

Nous recherchons notre Technicien de tests intégration(H/F). Vos missions pour l&#8217;activité Tests Intégration :&nbsp; Chargé(e) de l’accompagnement sur la mise en place de tests fonctionnels Clients, vous formez l’équipe tests et en êtes le référent technique : tests fonctionnels, HF, filaires, diélectriques isolement &#8230; Formation / profil recherché : Issu(e) d’un BAC+2 en électronique, vous avez [&hellip;]
